10.
5
Calculate 8 + (23 - (3 - -35)).
-7
What is -13 - (-19 - (8 + -14))?
0
What is (-56 - -28) + (27 - 9)?
-10
What is the value of 13 + (-26 - 0) + 37?
24
Evaluate -4 - 22 - (-46 - -22).
-2
What is the value of 1 + 18 + -31 - (2 + -1 + -4)?
-9
What is the value of 7 - (-7 + (2 - (-3 + -10)))?
-1
Calculate 21 - (9 - -31) - -5.
-14
Calculate (3 - (5 - (12 + -10))) + -3 + -7.
-10
What is 27 - (-20 + -12 + 25)?
34
Evaluate -14 + (24 - 29) + (-2 + -10 - -2).
-29
What is the value of -4 - 10 - (5 + (-1 - 3) + 7)?
-22
-9 + 19 + (1 + 5 - (1 + 1))
14
What is 720 + -725 - (1 + 0 - 15) - -15?
24
-10 + (-10 - (-11 + 1)) - 3
-13
Evaluate -12 - 1 - 3 - (4 + -10).
-10
(-1 + 2 - 7) + 10 - 0
4
What is (0 - 28) + (2 - (-5 + (-15 - -20)))?
-26
What is the value of -14 + (-4 - (-2 - 10)) + (-1 - -3)?
-4
-15 + (10 - (12 + 8))
-25
Calculate 8 - -3 - (83 - 83).
11
7 + -5 + (0 - -32) - 4
30
What is the value of (-9 - -9 - -3) + -1 - (5 - -3)?
-6
What is the value of (-12 - 20) + 41 - 0?
9
Calculate -18 + 13 + (-19 - -3).
-21
Evaluate (47 - (-8 + 16)) + -12.
27
-2 - (-7 - -3) - -2 - 16
-12
What is the value of -7 - ((2 - ((1 - 1) + 8)) + -10)?
9
Calculate (-8 - (0 - (0 + 3)) - -5) + 25.
25
Calculate -9 - (10 + 4 + -8 - 7).
-8
Evaluate -53 - ((70 - 39) + -62).
-22
(-8 - 19) + 12 + 4
-11
5 - 14 - (20 - 51)
22
Calculate (-15 - -2) + 10 + -8 + 1.
-10
Calculate -223 + 208 - (-26 + 2 - -2).
7
What is the value of (4 - -25) + -19 - 3?
7
What is 3 - -9 - (-491 + 538)?
-35
What is the value of 3 - 2 - (0 - -6 - (0 - 7))?
-12
Evaluate 16 + -26 + (0 - -2 - 5).
-13
What is (-15 - (-20 + -8)) + -14?
-1
What is the value of 1 + (-58 - -68 - (12 + -4))?
3
What is the value of (1 - 9 - -10) + 16?
18
Evaluate (-3 - (2 - 8)) + -13.
-10
101 + -120 + 1 + (3 - -3 - -1)
-11
What is the value of (-19 - (-11 + -1)) + -5?
-12
Evaluate 14 - 6 - (39 - (11 + -3)).
-23
What is the value of (15 - (21 + -8)) + 8 - 7?
3
Evaluate -14 - (11 + (17 - 13) + -4).
-25
What is the value of -10 + (-28 - (-46 - 0))?
8
Evaluate 13 + (2 - 8 - ((-13 - -1) + 8)).
11
What is the value of -38 - -52 - (-2 + 16) - 15?
-15
Calculate (-9 - (0 + -18)) + 13.
22
What is the value of 4 + -3 - (19 - 26) - 11?
-3
What is the value of -2 + 6 + (2 - 0) + -12 + -10?
-16
4 + -12 + -1 + 45 + -38
-2
8 + 0 + -45 + 28
-9
(16 - 12 - -3) + (-2 - -2 - 2)
5
16 - (10 - (-11 + 9)) - (0 - 5)
9
What is the value of -7 + -7 - (-10 + 5)?
-9
Evaluate 14 + ((-16 - 2) + 5 + 5 - -4).
10
What is the value of (-12 - (19 + -22)) + 7?
-2
Evaluate (1171 - 1171) + (0 - 20) + 0.
-20
What is 2 - (-9 + 13) - -3?
1
What is the value of -2 + (3 - 12 - -2) + 6 - 17?
-20
(-5 - -4) + -4 - -7 - 4
-2
What is (-2 - 0) + -6 + -1 + 13 + -12?
-8
Evaluate (2 - -7 - (4 + 4)) + 1.
2
Evaluate -7 - (-1 - ((14 - 10) + -6)).
-8
-2 + (5 - 4) + 2 + (6 - 19)
-12
Calculate 64 + -101 - (-24 - -4).
-17
Evaluate -4 + -1 + 0 + 4 + (-11 - -2).
-10
Calculate (16 - 9 - 15) + 7.
-1
Calculate 19 - ((-4 - 6) + 11 - -6).
12
What is the value of (6 - -3 - 3) + -17 + (2 - -4)?
-5
What is (-4 - -3) + (-1 + (11 - 11) - 17)?
-19
Calculate -4 - 10 - (-3 + -23 + -4).
16
Calculate 15 + 31 + -12 - 16.
18
(23 - (15 - 2)) + -9
1
Calculate -9 + (-8 - -15) + -9 - 8.
-19
Evaluate -4 - -1 - (13 + -4 - 11 - -15).
-16
What is (1 - -25 - (-141 + 163)) + (8 - -1)?
13
Evaluate -4 - (-3 - (2 + -7)) - -16.
10
Calculate (15 - 11 - (-4 + 2)) + -11 - 6.
-11
Evaluate (4 - (9 + -3 + -1 + -11)) + 3.
13
What is (7 - (-15 + 7)) + (-26 - -10 - -4)?
3
12 + (5 + (0 - 3) - 8) - 5
1
16 - (-12 - -3 - (-6 - -1 - 1))
19
Calculate -28 + (14 - (26 + 3)) - -7.
-36
What is the value of -37 + (47 + -2 - 27)?
-19
What is the value of 13 + 151 + -162 + (0 - -9)?
11
(0 - (-8 - -14)) + 20
14
Calculate 16 + 8 + 12 + -23.
13
Calculate -5 - (-4 + -2 - -9 - (0 + 3)).
-5
What is -49 + 52 + -4 + 4 + (-4 - 27)?
-28
What is 23 - (-23 + 90 + -44)?
0
Evaluate (0 - -1) + (16 + 22 - 49).
-10
What is the value of 43 - (34 + -16) - 36?
-11
What is -5 - (-6 + -10) - 21?
-10
What is the value of 11 + (-28 - -13 - -1)?
-3
Calculate -7 + 1 - (215 + -220).
-1
Evaluate -1 + (-10 - 1) - (-1318 - -1317).
-11
What is the value of 1 + (-13 + 6 - (-28 - -16))?
6
What is the value of -1 + (16 - (3 - -4 - -1))?
7
41 + -48 + 34 + -30
-3
What is the value of -184 + 194 + 0 + -2 + 8?
16
Calculate (6 + -1 - (12 + (0 - 0))) + 5.
-2
-9 + -17 + -1 + 16
-11
Calculate 3 + -5 + -2 + 13 + -11.
-2
What is 11 - (-6 + 11) - (-1 - -6)?
1
0 + 7 + -16 - -17
8
What is (6 + 5 - 10) + (-4 - -3)?
0
What is the value of (-19 - (-8 - -7)) + 18 + 40?
40
Evaluate -6 - (4 - (10 - 2)) - 3.
-5
What is (-13 - -6 - -10) + -2 + -11 + -16?
-26
What is the value of (83 - 90) + 1 + -5 + 0 + -2?
-13
What is the value of 23 - 16 - (28 - (11 - 6))?
-16
-6 + (-6 - (5 - 11 - -15))
-21
What is the value of -15 - (-104 + 104 - (9 + -1))?
-7
What is -18 + (7 - -5 - -1) - -35?
30
Evaluate 10 - (13 - 8 - -24).
-19
What is the value of (52 - 82) + 21 + -2?
-11
(16 - (30 + 6)) + (10 - 2)
-12
Calculate (2 - (7 - -8 - 8)) + -7.
-12
Evaluate 17 - 16 - (-4 - (-2 + -5) - 13).
11
What is (5 - 0) + (5 - (0 + -4)) + -17?
-3
What is the value of 13 - (-9 + -1 + 11)?
12
What is the value of 8 + -3 + (-2 - -1) + 0?
4
What is (-7 - (-15 - -7)) + -3?
-2
Evaluate -2 - -59 - (-541 + 575).
23
Evaluate (-21 - (-33 + 4 + 1)) + (1 - -11).
19
2 + -2 + 0 - (-23 + (0 - -5))
18
Evaluate -5 + 2 - ((-18 - -8) + 8) - -6.
5
What is the value of (68 + -38 - 29) + -4 + 0 + 4?
1
Calculate 0 - -5 - (8 + -6) - (-10 - -6).
7
-3 - (15 + (6 - 14) + -30)
20
What is 29 + -15 - (-8 - (5 + -21))?
6
Evaluate -1 + 14 - (6 + -4).
11
6 - (-1 + 5 - -9) - (5 - -1)
-13
What is -8 - (3 - 1 - 8) - -2 - -5?
5
What is the value of 20 + 2 - (56 + -33)?
-1
What is 31 + -16 - -20 - 22 - (1 - -7)?
5
Evaluate (8 + -5 + -2 - -4) + -2.
3
-40 - (-20 - -29 - 38)
-11
Calculate 5 + 8 + -112 + 120 + (-9 - -2).
14
What is 8 + (6 - -7) + -2 + -11?
8
Calculate 7 - (-10 - (-9 + -3)) - (2 + -18).
21
-17 + -6 + 2 + -1 + (11 - 3)
-14
What is -4 - (10 + 4) - -8?
-10
Evaluate -32 + 18 - (0 + (0 - -2)).
-16
What is the value of (-20 - 0) + 128 + -111 - 22?
-25
Evaluate (12 - 24) + -25 + 16.
-21
Calculate 20 + -22 + (23 - 20).
1
What is the value of (-39 - (-1 + -6)) + 23?
-9
What is (23 - 14) + 17 + -17?
9
22 - 13 - (-21 - -30)
0
-1 + 0 + (-1 - -18) + -35 + 29
10
What is (-11 - 1) + (866 - 853)?
1
What is the value of -1 - -1 - (-16 + (8 - 12) + 21)?
-1
Evaluate (-17 - -35) + -10 + -28.
-20
Calculate -1 - -13 - (26 + -13).
-1
Calculate 15 + -9 + 8 + (7 + -11 - 19).
-9
-13 - 0 - (-19 + 37 + -42)
11
What is the value of -17 - (-7 + 3 + -1 + (0 - -2))?
-14
10 - ((14 - 8) + 4)
0
-213 + 203 - (34 + -11)
-33
What is the value of 7 - (-1 + -1 + (5 - 2 - 5))?
11
23 + (21 - (29 - -11))
4
Calculate (-1 - (-6 + (-1 - 0))) + -9 + 4.
1
What is 0 + -6 - (2 - 4) - (8 - 8)?
-4
What is the value of 12 + 0 + 2 + -4 - -7?
17
Calculate (-13 - -46 - 9) + -10.
14
Calculate -8 - -14 - (2 + 0 + 2 - 4).
6
What is the value of -38 + 19 + 59 + (-4 - 1) - 12?
23
Evaluate 7 - (30 - 0 - (-28 + 31) - 6).
-14
0 - (-12 + 8 + 12 + 7)
-15
(-72 - -88) + -1 + -11
4
What is (66 - 57) + (-2 - 0) - (0 + -13)?
20
-3 - -11 - (-16 + 25 + 7) - -10
2
What is (1 - (-4 - 2)) + -3 + 16 - 0?
20
Evaluate (26 - 10 - (0 - -9)) + 0.
7
Calculate (-1 - (2 - 20)) + (508 - 519).
6
3 - 1 - (-66 - -117 - 56)
7
What is -3 - -15 - (43 - 31) - -8?
8
16 - (13 + -6 - 1) - (14 - -6)
-10
Evaluate (-8 - (8 + 2)) + 2.
-16
1 - (2 + -7) - (-20 + (10 - 3))
19
Calculate -13 - 1 - (3 - 2 - (-14 - -14)).
-15
What is (-2 - 15) + (-32 - -30 - -6)?
-13
What is (-3 - 3) + (31 - (-5 - -40))?
-10
Calculate 9 - (3 + (-2 + -7 - -2)).
13
Calculate 1 + (-7 - (-5 + -3)) - -2 - 18.
-14
Calculate 4 + (-2 - 11) + 9.
0
Evaluate (-26 - -12) + 19 - (-1 - -9).
-3
What is the value of 9 + (6 + 1 - (-8 - -12) - -2)?
14
Evaluate (28 - 35) + (10 - 3 - -3).
3
(1 - 5 - (66 - 81)) + 9
20
Calculate 10 + -15 + -13 + 0.
-18
What is 23 - ((24 - 53) + 40)?
12
Calculate 17 - (6 + 20 + -18).
9
What is the value of 24 - 1 - (-20 - (-6 + 11 + -23))?
25
Evaluate 17 - (12 - (-24 - -8)).
-11
Evaluate (1370 - 1400) + (1 - -7).
-22
Calculate -3 + 2 + -5 + (-3 - 5 - -7).
-7
Evaluate 160 - 185 - (0 - 3).
-22
What is the value of -50 + -3 + 3 + 19 + (-2 - -1)?
-32
29 + -22 + 30 - 11